t the prime factors of 6510588704.
2, 203455897
List the prime factors of 203751769.
13, 53, 113, 2617
What are the prime factors of 200659649?
59, 3401011
What are the prime factors of 3233034985?
5, 29, 4139, 5387
List the prime factors of 314693626.
2, 13, 157, 77093
List the prime factors of 8586510277.
32009, 268253
What are the prime factors of 99098456?
2, 3313, 3739
What are the prime factors of 24792128?
2, 53, 7309
List the prime factors of 91371836.
2, 19, 1202261
List the prime factors of 34319331.
3, 1663, 2293
What are the prime factors of 92593960?
2, 5, 2314849
List the prime factors of 560492733.
3, 101, 1849811
List the prime factors of 29345783.
29345783
What are the prime factors of 706671895?
5, 17, 23, 361469
List the prime factors of 93552145.
5, 4049, 4621
List the prime factors of 33777273.
3, 1429, 7879
List the prime factors of 424412098.
2, 11, 1753769
List the prime factors of 605842067.
605842067
List the prime factors of 60809866.
2, 13, 449, 5209
What are the prime factors of 44520589?
44520589
What are the prime factors of 428189803?
101, 433, 9791
List the prime factors of 46099317.
3, 11, 1396949
What are the prime factors of 242823249?
3, 19, 61, 23279
What are the prime factors of 2198109851?
7, 314015693
List the prime factors of 114198225.
3, 5, 1522643
What are the prime factors of 35327206?
2, 97, 182099
What are the prime factors of 51550236?
2, 3, 477317
List the prime factors of 84292983.
3, 479, 19553
What are the prime factors of 1450873800?
2, 3, 5, 806041
What are the prime factors of 164578431?
3, 257, 213461
List the prime factors of 161030313.
3, 43, 239, 1741
What are the prime factors of 1178868615?
3, 5, 61, 21121
What are the prime factors of 21600557?
11, 17, 10501
What are the prime factors of 1306315867?
479, 2727173
List the prime factors of 57543384.
2, 3, 2397641
What are the prime factors of 190498094?
2, 1889, 50423
List the prime factors of 22215688.
2, 11, 37, 6823
What are the prime factors of 5614071?
3, 139, 13463
What are the prime factors of 61326697?
61326697
What are the prime factors of 975829368?
2, 3, 40659557
List the prime factors of 3039347682.
2, 3, 7, 24121807
What are the prime factors of 56255337?
3, 2083531
What are the prime factors of 5681554?
2, 2840777
List the prime factors of 7992254.
2, 173, 23099
List the prime factors of 58183854.
2, 3, 9697309
List the prime factors of 67514559.
3, 7, 31, 137, 757
What are the prime factors of 91216894?
2, 45608447
What are the prime factors of 417020097?
3, 13, 10692823
List the prime factors of 75988492.
2, 83, 228881
List the prime factors of 2340400610.
2, 5, 223, 229, 4583
What are the prime factors of 12584101?
97, 129733
List the prime factors of 3793581358.
2, 7, 270970097
List the prime factors of 1124933793.
3, 43, 8720417
What are the prime factors of 3336003257?
3336003257
What are the prime factors of 312355611?
3, 19, 127, 757
List the prime factors of 671981778.
2, 3, 13, 19, 83, 607
What are the prime factors of 790820614?
2, 395410307
What are the prime factors of 3390282?
2, 3, 7, 8969
What are the prime factors of 5460428200?
2, 5, 27302141
List the prime factors of 829408120.
2, 5, 29, 199, 3593
List the prime factors of 42597478.
2, 7, 11, 17, 53, 307
What are the prime factors of 261988099?
31, 283, 29863
What are the prime factors of 5679664386?
2, 3, 11, 233, 269, 1373
List the prime factors of 295031324.
2, 7, 149, 70717
List the prime factors of 95418299.
95418299
What are the prime factors of 34693140?
2, 3, 5, 61, 9479
What are the prime factors of 65257722?
2, 3, 3625429
List the prime factors of 4125645643.
7, 1367, 431147
What are the prime factors of 160854174?
2, 3, 13, 76379
What are the prime factors of 2948857878?
2, 3, 59, 109, 76423
What are the prime factors of 164262596?
2, 23, 809, 2207
List the prime factors of 1460238764.
2, 3389, 107719
List the prime factors of 832789952.
2, 31, 419753
What are the prime factors of 32448591?
3, 7, 601, 857
What are the prime factors of 49335463?
49335463
List the prime factors of 51436795.
5, 10287359
List the prime factors of 495201501.
3, 55022389
What are the prime factors of 13402246?
2, 11, 13, 46861
List the prime factors of 404255291.
11, 17, 23, 193, 487
What are the prime factors of 36072437?
31, 1163627
List the prime factors of 2650541502.
2, 3, 7, 17, 167, 22229
List the prime factors of 4017195870.
2, 3, 5, 23, 61, 95443
What are the prime factors of 176406883?
176406883
What are the prime factors of 527508828?
2, 3, 7, 11, 229, 277
What are the prime factors of 656385634?
2, 191, 1718287
List the prime factors of 481282381.
481282381
What are the prime factors of 18684250?
2, 5, 13, 5749
List the prime factors of 2147004069.
3, 7, 17, 23, 37, 191
List the prime factors of 4836824575.
5, 11, 131, 134263
What are the prime factors of 807661929?
3, 569, 473147
List the prime factors of 3280608562.
2, 7, 11, 21302653
List the prime factors of 316224331.
316224331
What are the prime factors of 392547422?
2, 29, 1433, 4723
List the prime factors of 1189454363.
1189454363
List the prime factors of 93727994.
2, 389, 120473
What are the prime factors of 74146926?
2, 3, 7, 1765403
What are the prime factors of 5239550805?
3, 5, 839, 416333
List the prime factors of 4318527237.
3, 1439509079
What are the prime factors of 3830544848?
2, 13, 18416081
What are the prime factors of 39908000?
2, 5, 11, 907
What are the prime factors of 820157119?
820157119
What are the prime factors of 807873421?
139, 463, 12553
List the prime factors of 710629272.
2, 3, 9869851
What are the prime factors of 154623397?
154623397
What are the prime factors of 87429448?
2, 503, 21727
What are the prime factors of 853205427?
3, 31600201
List the prime factors of 159724302.
2, 3, 26620717
List the prime factors of 222391941.
3, 19, 37, 105449
List the prime factors of 46026968.
2, 13, 19, 23293
What are the prime factors of 10742358?
2, 3, 11, 37, 53, 83
List the prime factors of 108023296.
2, 47, 67
What are the prime factors of 128139877?
23, 71, 131, 599
What are the prime factors of 84415384?
2, 47, 347, 647
List the prime factors of 425094237.
3, 1749359
What are the prime factors of 140761871?
1217, 115663
List the prime factors of 103865359.
13, 17, 469979
What are the prime factors of 385177098?
2, 3, 947, 67789
List the prime factors of 44009836.
2, 13, 846343
List the prime factors of 724172345.
5, 13, 11141113
List the prime factors of 838902997.
31, 27061387
What are the prime factors of 188206347?
3, 7, 8962207
What are the prime factors of 3967917081?
3, 61, 67, 109, 2969
List the prime factors of 360969959.
7, 17, 109, 1637
What are the prime factors of 62060224?
2, 41, 67, 353
What are the prime factors of 76309996?
2, 7, 2725357
What are the prime factors of 137033576?
2, 47, 364451
What are the prime factors of 178594586?
2, 23, 29, 83, 1613
List the prime factors of 4844576333.
907, 5341319
List the prime factors of 466152652.
2, 7, 173, 96233
List the prime factors of 252372447.
3, 107, 262069
What are the prime factors of 134735267?
134735267
List the prime factors of 3283224929.
7723, 425123
What are the prime factors of 2498736059?
31, 37, 47, 46351
What are the prime factors of 2737189804?
2, 61, 11217991
List the prime factors of 372636879.
3, 37, 701, 4789
What are the prime factors of 2737648288?
2, 19, 113, 39847
List the prime factors of 469144542.
2, 3, 19, 29, 141907
What are the prime factors of 689478885?
3, 5, 1702417
What are the prime factors of 1898943967?
31, 347, 176531
List the prime factors of 62818173.
3, 11, 71, 331
List the prime factors of 4298580447.
3, 7, 797, 256831
What are the prime factors of 2497537664?
2, 3863, 5051
List the prime factors of 406580715.
3, 5, 19, 52837
What are the prime factors of 10608472?
2, 7, 189437
What are the prime factors of 8259892?
2, 17, 121469
List the prime factors of 237212879.
237212879
What are the prime factors of 2343896980?
2, 5, 31, 3780479
What are the prime factors of 1080956020?
2, 5, 701, 77101
What are the prime factors of 4989283453?
7, 11, 29, 2234341
List the prime factors of 147524387.
53, 491, 5669
List the prime factors of 69537985.
5, 11, 37, 34171
List the p